*2 + 284*h - 31. What is b(10)?
9
Let v(l) = 242*l**2 - 41*l - 7. Calculate v(2).
879
Let o(c) = -310*c + 6203. What is o(20)?
3
Let n(b) = -2*b**2 - 111*b + 220. What is n(2)?
-10
Let x(m) = -m**3 - 43*m**2 + 213*m - 85. Give x(4).
15
Let s(x) = x**2 + 25*x + 45. Calculate s(-24).
21
Let j(q) = 3*q**2 - 301*q - 203. Give j(101).
-1
Let z(i) = -i**3 + 30*i**2 + 34*i - 91. Determine z(31).
2
Let o(t) = t**3 - 11*t**2 + 17*t + 33. Give o(9).
24
Let q(l) = -51*l**3 - 3*l**2 - 562*l - 560. Give q(-1).
50
Let j(l) = 3*l**2 + 18*l + 31. What is j(-12)?
247
Let d(w) = 3*w**2 - 14*w - 23. What is d(-3)?
46
Let l(k) = -55*k - 4796. Give l(-87).
-11
Let p(c) = -c**2 - 29*c + 20. What is p(-31)?
-42
Let s(h) = -h**3 + 18*h**2 - 36*h + 33. Determine s(16).
-31
Let r(h) = h**3 + 4*h**2 + 5*h + 140. Give r(0).
140
Let y(l) = l**3 - l**2 - 10*l + 53. Calculate y(0).
53
Let m(c) = -5*c + 101. What is m(20)?
1
Let i(g) = 31*g + 957. Determine i(-25).
182
Let j(s) = 5*s**2 + 377*s + 1485. Give j(-4).
57
Let v(y) = y**3 + 10*y**2 + y - 29. What is v(-9)?
43
Let m(c) = -85*c + 695. Calculate m(8).
15
Let n(z) = -z**2 - 9*z + 121. Determine n(8).
-15
Let b(p) = -p**2 - 843*p + 20808. Give b(24).
0
Let d(m) = 19*m + 37. Calculate d(-1).
18
Let o(k) = k**2 - 3556*k + 67207. Determine o(19).
4
Let g(u) = -13*u**2 + 32*u + 79. What is g(4)?
-1
Let d(c) = -c**2 - 30*c + 1386. Calculate d(-55).
11
Let c(q) = 3*q**2 - 359*q - 517. What is c(121)?
-33
Let v(p) = -p**2 + 34*p + 272. Determine v(40).
32
Let t(r) = -158*r + 558. Give t(3).
84
Let n(m) = m**3 - 50*m**2 + 31*m + 10252. Calculate n(44).
0
Let w(j) = -j**3 - 34*j**2 + 40*j + 167. Calculate w(-35).
-8
Let t(i) = 2*i**3 - 124*i**2 + 122*i + 1. What is t(61)?
1
Let w(t) = -3*t**2 + 56*t + 223. Calculate w(22).
3
Let m(x) = -3825*x - 19123. Calculate m(-5).
2
Let u(z) = 2*z**3 + 9*z**2 + 26*z + 103. Give u(-6).
-161
Let r(k) = -367*k**2 + 11*k - 3. Calculate r(1).
-359
Let z(o) = -o**2 - 53*o - 311. What is z(-47)?
-29
Let m(d) = -36*d + 512. Give m(14).
8
Let t(o) = -15*o**2 - 526*o + 1118. Determine t(-37).
45
Let c(t) = t**3 - 4*t**2 - 2*t + 62. Give c(0).
62
Let v(a) = 2*a**3 - 9*a**2 - 33*a + 18. Calculate v(7).
32
Let z(w) = 4*w**3 - 9*w**2 - 17*w + 24. Calculate z(5).
214
Let l(r) = r**3 + 10*r**2 - 9*r - 96. Give l(-10).
-6
Let m(i) = -8*i**2 - 133*i + 772. Give m(-21).
37
Let r(g) = -g**2 + 90*g - 827. Give r(11).
42
Let r(b) = -b**2 + 31*b - 225. What is r(11)?
-5
Let h(p) = -p**2 - 490*p - 2912. Calculate h(-6).
-8
Let g(v) = -151*v + 909. Calculate g(6).
3
Let y(h) = 6*h - 757. What is y(-12)?
-829
Let y(n) = -3*n**2 + 291*n - 281. Calculate y(96).
7
Let u(n) = 662*n - 2645. What is u(4)?
3
Let b(m) = -57*m + 642. Calculate b(11).
15
Let x(y) = -y**2 - 733*y + 7. Give x(0).
7
Let n(o) = -3*o**3 - 7*o**2 + 6. Give n(-1).
2
Let q(t) = -44*t - 301. Calculate q(-2).
-213
Let d(h) = -h**3 + 26*h**2 - 70*h - 20. Determine d(23).
-43
Let c(j) = 38*j + 1052. Calculate c(-28).
-12
Let k(q) = 6*q**2 - 78*q + 147. Determine k(11).
15
Let p(z) = 4*z**3 - 24*z**2 + 3*z - 20. Give p(6).
-2
Let t(j) = -9*j**2 - 7*j - 115. What is t(-6)?
-397
Let d(s) = s**3 + 36*s**2 - 72*s - 74. Give d(-38).
-226
Let m(c) = 59*c - 1001. What is m(17)?
2
Let r(i) = 4*i**2 - 41*i + 24. What is r(10)?
14
Let h(p) = 7*p**2 - 19*p + 8. Determine h(5).
88
Let p(g) = g**3 + 21*g**2 + 114*g + 37. Determine p(-12).
-35
Let j(v) = -v**3 + v**2 + 8*v - 83. Calculate j(0).
-83
Let y(x) = -1038*x + 1027. Calculate y(1).
-11
Let j(s) = 87*s + 599. Determine j(-8).
-97
Let p(i) = 5*i**2 - 25*i - 23. What is p(6)?
7
Let p(i) = 3997*i - 27988. Give p(7).
-9
Let g(a) = -387*a + 2613. Calculate g(7).
-96
Let r(s) = -s**2 - 70*s + 1274. Determine r(15).
-1
Let c(g) = -55*g**2 + 270*g + 11. What is c(5)?
-14
Let w(g) = -296*g - 2068. Give w(-7).
4
Let r(t) = t**2 - 34*t - 162. Give r(39).
33
Let o(i) = 5*i**2 + 321*i - 264. Determine o(-65).
-4
Let o(r) = -r**3 - 12*r**2 - 31*r - 19. Give o(-3).
-7
Let j(m) = -m**2 + 29*m + 101. Give j(32).
5
Let p(i) = -i**3 - 28*i**2 - 2*i - 62. Determine p(-28).
-6
Let x(n) = 287*n - 4301. Calculate x(15).
4
Let n(w) = -3*w**3 - 9*w**2 - 8*w + 1. Calculate n(-6).
373
Let p(t) = -198*t - 6925. Give p(-35).
5
Let f(c) = 2*c**3 - 5*c**2 + 14*c + 16. What is f(6)?
352
Let v(o) = 2*o**3 - 30*o**2 - 11*o - 10. Determine v(16).
326
Let b(y) = 7*y - 36. What is b(4)?
-8
Let n(c) = -7996*c - 24001. What is n(-3)?
-13
Let q(o) = 299*o - 4475. Give q(15).
10
Let g(u) = u**3 - 7*u**2 + 15*u. Calculate g(6).
54
Let p(v) = 7*v**3 - 29*v**2 + 29*v. Give p(1).
7
Let m(x) = x**2 + 132*x + 3649. What is m(-39)?
22
Let q(b) = -3*b**2 + 493*b - 490. Give q(1).
0
Let f(m) = -2*m**2 + 157*m + 2381. What is f(-13)?
2
Let h(x) = x**3 + x**2 + 17*x - 64. Give h(3).
23
Let o(m) = 3*m**2 + 3479*m - 10455. Determine o(3).
9
Let y(u) = 18*u - 32. What is y(0)?
-32
Let q(r) = r**2 - 10*r - 622. Calculate q(-21).
29
Let y(b) = 79*b - 54. Calculate y(1).
25
Let i(f) = f + 17. Determine i(22).
39
Let k(z) = -2*z**2 - 207*z - 2586. Give k(-89).
-5
Let d(x) = -3*x**2 - 90*x - 560. Determine d(-19).
67
Let a(y) = -y - 6. Calculate a(-49).
43
Let m(a) = 10*a**3 - 37*a**2 - 1147*a - 40. Determine m(-9).
-4
Let a(q) = 3*q**3 - 9*q**2 + 52*q - 165. Determine a(3).
-9
Let b(f) = -f**3 + 8*f**2 + 5*f + 6. What is b(-5)?
306
Let s(w) = -w**3 - 16*w**2 - 17*w + 19. Calculate s(-14).
-135
Let q(g) = -g**3 + 27*g**2 + 273*g - 6844. Give q(28).
16
Let g(t) = 22*t**2 + 1357*t - 389. Give g(-62).
45
Let k(o) = 66*o**2 - 7396*o + 441. Determine k(112).
-7
Let w(u) = -u**3 - 25*u**2 + 4*u - 1411. Determine w(-27).
-61
Let s(l) = -3273*l - 19740. Determine s(-6).
-102
Let o(q) = 338*q + 6108. Determine o(-18).
24
Let c(m) = 155*m + 774. Calculate c(-5).
-1
Let s(y) = -y**3 + 40*y**2 - 106*y - 190. Determine s(37).
-5
Let c(m) = 275*m**3 - 2*m**2 + 17*m - 15. Calculate c(1).
275
Let f(w) = w**3 + 26*w**2 - 51*w - 745. Give f(-26).
581
Let n(w) = 462*w - 17551. Give n(38).
5
Let m(r) = -96*r**3 - r**2 + 8*r - 7. What is m(1)?
-96
Let n(v) = v**3 - 12*v**2 + 41*v - 19. What is n(4)?
17
Let i(y) = y**3 + 30*y**2 - 313*y - 10628. Calculate i(-27).
10
Let m(a) = 2*a**3 - 7*a**2 + 6*a + 46. What is m(-3)?
-89
Let n(l) = 2*l**2 - 105*l + 551. Give n(6).
-7
Let a(z) = -314*z - 1369. Determine a(-6).
515
Let g(f) = f**3 - 68*f**2 + 519*f + 727. Determine g(59).
19
Let k(a) = -379*a**3 + a**2 - 12*a - 13. What is k(-1)?
379
Let h(b) = -274*b + 2477. Calculate h(9).
11
Let b(z) = -6*z**2 + 86*z - 326. Calculate b(4).
-78
Let z(p) = -1048*p - 9440. Give z(-9).
-8
Let k(d) = -870*d + 49574. Calculate k(57).
-16
Let t(u) = -u**3 + 19*u**2 + 21*u + 18. Give t(20).
38
Let v(t) = t**3 + 49*t**2 + 30*t - 186. Calculate v(-48).
678
Let s(r) = 33*r + 1279. What is s(-42)?
-107
Let c(y) = -2*y**3 - 5*y**2 + 13*y + 6. What is c(2)?
-4
Let g(m) = -10777*m + 10763. What is g(1)?
-14
Let z(x) = -x**3 + 47*x**2 + 4*x - 77. Determine z(47).
111
Let c(b) = -24*b**2 - 140*b + 142. Determine c(1).
-22
Let f(n) = 6*n**3 + 39*n**2 - 4*n + 18. Give f(-7).
-101
Let u(l) = -24*l - 962. Calculate u(-36).
-98
Let f(m) = 7*m + 531. Give f(-76).
-1
Let x(l) = -88*l**2 + 13*l + 3. What is x(2)?
-323
Let v(k) = -185*k**2 - 3*k. What is v(1)?
-188
Let w(z) = 2*z**2 + 46*z + 49. Calculate w(-27).
265
Let f(b) = -37*b - 920. Give f(-24).
-32
Let x(s) = 56*s + 32. Calculate x(-2).
-80
Let x(u) = -u**3 + 10*u**2 - 39*u + 120. What is x(6)?
30
Let p(l) = -l**3 + 119*l**2 - 457*l - 345. Calculate p(115).
0
Let g(n) = -6*n**2 - 339*n + 173. Calculate g(-57).
2
Let y(i) = -281*i - 3382. Determine y(-12).
-10
Let k(o) = -33*o**3 + 4*o**2 + 4*o - 7. What is k(1)?
-32
Let x(b) = -4896*b + 44062. What is x(9)?
-2
Let j(b) = 30836*b + 154176. What is j(-5)?
-4
Let v(x) = -x**2 - 190*x + 8413. Give v(37).
14
Let z(v) = v**3 - 7*v**2 - 8*v - 5. Determine z(5).
-95
Let n(t) = 2*t**3 - 313*t**2 - 195*t + 5964. Calculate n(157).
-2
Let n(j) = -j**3 + 17*j**2 + 42*j - 28. Calculate n(19).
48
Let m(v) = -111*v - 10097. Calculate m(-91).
4
Let k(l) = 300*l + 3863. What is k(-13)?
-37
Let h(d) = 3855*d - 15416. Calculate h(4).
4
Let d(y) = 2*y**2 - 313*y + 1810. Give d(6).
4
Let d(m) = m**2 - 29*m - 28. Determine d(29).
-28
Let 